, what is 1 + 4150?
4151
In base 4, what is 11 + -1?
10
In base 2, what is -1101 - -1000111000?
1000101011
In base 5, what is 23 - 10?
13
In base 14, what is 3 - 67?
-64
In base 13, what is 182 + 5?
187
In base 15, what is 36 + -14?
22
In base 16, what is 20 + 1?
21
In base 14, what is 1bb + -8?
1b3
In base 3, what is -12 - -10212?
10200
In base 13, what is 23 - -107?
12a
In base 10, what is -14 - -2?
-12
In base 16, what is -3 - 54a?
-54d
In base 4, what is -1 - -10211?
10210
In base 9, what is 2342 + 3?
2345
In base 5, what is 2113 - -34?
2202
In base 10, what is 217 + 6?
223
In base 10, what is 87 + -107?
-20
In base 9, what is -2 - -58?
56
In base 13, what is -2 - -67?
65
In base 3, what is -10 - 100011?
-100021
In base 9, what is -2255 - 3?
-2258
In base 12, what is 4 + b3b?
b43
In base 16, what is -17 - -45?
2e
In base 13, what is 13 - -11?
24
In base 10, what is 0 + 65?
65
In base 15, what is 5 + 857?
85c
In base 14, what is -1 + -1207?
-1208
In base 5, what is 314 + -2?
312
In base 15, what is 1 - -66e?
670
In base 2, what is 11 + -10100?
-10001
In base 6, what is -215 - -24?
-151
In base 12, what is -3 + -612?
-615
In base 10, what is -4 + -191?
-195
In base 7, what is -2030 + -4?
-2034
In base 11, what is -242 - -11?
-231
In base 14, what is -2 + -c87?
-c89
In base 8, what is -4 - -74?
70
In base 13, what is 3 + -1bc?
-1b9
In base 6, what is -1 - 10003?
-10004
In base 11, what is 0 + 513?
513
In base 8, what is -23 + 35?
12
In base 12, what is -5 + -1346?
-134b
In base 8, what is -203 - -144?
-37
In base 13, what is -2 - -62a?
628
In base 16, what is -7 - -452?
44b
In base 6, what is -2 - -40?
34
In base 7, what is -6 - -5251?
5242
In base 8, what is 1 + -13?
-12
In base 4, what is 1303 - 23?
1220
In base 12, what is 4 - 405?
-401
In base 11, what is -2244 + 2?
-2242
In base 8, what is 1 - 23?
-22
In base 14, what is 2 - 56?
-54
In base 14, what is -8c8 - 5?
-8cd
In base 15, what is aa0 + 4?
aa4
In base 7, what is 13 - 1335?
-1322
In base 11, what is 204 - 3?
201
In base 9, what is -32 - -480?
447
In base 4, what is 1 - -1?
2
In base 16, what is -ed - -27?
-c6
In base 10, what is 99 + -81?
18
In base 4, what is 0 + 10320?
10320
In base 6, what is -4 - -1?
-3
In base 13, what is -4 + 1147?
1143
In base 15, what is 1de - 5?
1d9
In base 6, what is -202 - -4?
-154
In base 11, what is 180 + -1?
17a
In base 9, what is -100 - 23?
-123
In base 6, what is 13 + -4050?
-4033
In base 10, what is -3351 + 4?
-3347
In base 16, what is -cd + 3?
-ca
In base 15, what is a + 47?
52
In base 4, what is -220 - -30?
-130
In base 11, what is -25 - 2a?
-54
In base 13, what is -127 + 5?
-122
In base 11, what is -115 + -5?
-11a
In base 8, what is -13 - -17?
4
In base 14, what is -a2 + -1?
-a3
In base 6, what is -15 + -40?
-55
In base 6, what is -3 + -151?
-154
In base 4, what is 11 + -20301?
-20230
In base 3, what is -12 + -1211?
-2000
In base 6, what is -11 - 152?
-203
In base 16, what is 12 - -82?
94
In base 12, what is 4 - -113?
117
In base 8, what is -5 - -225?
220
In base 12, what is -55 - -1b?
-36
In base 13, what is 162 + -4a?
115
In base 5, what is 432 + -20?
412
In base 2, what is -111 + -10111?
-11110
In base 7, what is -1620 - 5?
-1625
In base 2, what is -11 + -1010001111?
-1010010010
In base 5, what is 230 - 1?
224
In base 6, what is -12403 - 4?
-12411
In base 12, what is -15 - -534?
51b
In base 9, what is -148 + -1?
-150
In base 6, what is -1 + 2141?
2140
In base 8, what is 5 + 101?
106
In base 5, what is -1 + -23240?
-23241
In base 6, what is -12 - -4?
-4
In base 5, what is 4 - -2320?
2324
In base 7, what is 1000 - 20?
650
In base 7, what is -1121 - -10?
-1111
In base 14, what is -525 - -1?
-524
In base 4, what is -1 + 2110212?
2110211
In base 2, what is -101 - 101000110101?
-101000111010
In base 5, what is 140 - 20?
120
In base 13, what is -5 - -144?
13c
In base 11, what is -21 - 234?
-255
In base 6, what is -3145 + 10?
-3135
In base 16, what is -b53 - 4?
-b57
In base 6, what is -3 + -13?
-20
In base 14, what is -24 + 15?
-d
In base 4, what is -210312 - 2?
-210320
In base 7, what is -3 + 20?
14
In base 11, what is 5 + -34?
-2a
In base 10, what is -58 - 32?
-90
In base 12, what is 963 + -5?
95a
In base 8, what is -7135 - 4?
-7141
In base 4, what is -3 + -2331?
-3000
In base 8, what is 7 + 103?
112
In base 12, what is -33 + 1b?
-14
In base 7, what is 1 - 2?
-1
In base 11, what is a6 - 19?
88
In base 11, what is 1 + -4a7a?
-4a79
In base 14, what is 1 - 224?
-223
In base 10, what is -88 - -30?
-58
In base 2, what is -100010 - -11110?
-100
In base 5, what is -143 - 14?
-212
In base 16, what is 2 - 5?
-3
In base 12, what is -5 + -13?
-18
In base 4, what is -20 - 13?
-33
In base 11, what is -480 + -2?
-482
In base 16, what is 9 + -43c?
-433
In base 14, what is 0 - 66?
-66
In base 12, what is -2 + -9a?
-a0
In base 5, what is -3401 + 1?
-3400
In base 7, what is -425 - -3?
-422
In base 6, what is -4 + -12424?
-12432
In base 4, what is 2 - -13231?
13233
In base 2, what is -101 + 110101?
110000
In base 6, what is 2 - 2012?
-2010
In base 11, what is -11 + -1a?
-30
In base 4, what is 0 + -11221?
-11221
In base 13, what is a + 8?
15
In base 14, what is 2c + -b?
21
In base 5, what is -31 + -421?
-1002
In base 7, what is 13 - -1002?
1015
In base 12, what is -31 + -30?
-61
In base 11, what is 2 - -14?
16
In base 14, what is -159 + -2?
-15b
In base 12, what is -14 - 43?
-57
In base 4, what is -2 + -230?
-232
In base 6, what is -5 + -312?
-321
In base 2, what is 1 - 101001001?
-101001000
In base 5, what is 3 - -3?
11
In base 4, what is 200 - 1?
133
In base 4, what is -2 + -1020?
-1022
In base 8, what is -1555 + 1?
-1554
In base 10, what is -26 + -8?
-34
In base 6, what is -213 - -4?
-205
In base 7, what is -53466 + -4?
-53503
In base 11, what is 56 + 3?
59
In base 2, what is -1 - -11?
10
In base 10, what is 385 - -2?
387
In base 14, what is -5 - 81?
-86
In base 14, what is -b3 + 2?
-b1
In base 11, what is -2a - 5?
-34
In base 9, what is -62 + 122?
50
In base 3, what is -2210 - 11?
-2221
In base 13, what is 4c + 16c?
1bb
In base 3, what is -10 - -1012?
1002
In base 4, what is -20112 - 23?
-20201
In base 10, what is -2 - 1265?
-1267
In base 11, what is -2 - -29a?
298
In base 6, what is 12 + 20?
32
In base 9, what is -42 - 152?
-204
In base 7, what is 125 + -25?
100
In base 8, what is -3 - -5?
2
In base 8, what is 222 + 5?
227
In base 14, what is 6 + 1a?
22
In base 6, what is 1230 + 15?
1245
In base 10, what is -2 - 29?
-31
In base 8, what is -5 + 16?
11
In base 2, what is -10000001100 + -100?
-10000010000
In base 5, what is 44320 - -2?
44322
In base 10, what is -282 + 5?
-277
In base 7, what is 13 + -2222?
-2206
In base 9, what is -7 - -334?
326
In base 2, what is -1101111010 - -100?
-1101110110
In base 15, what is c - -2?
e
In base 12, what is -4b + 32?
-19
In base 14, what is -1 + -102?
-103
In base 11, what is 4 + 225?
229
In base 4, what is -20 - -100?
20
In base 14, what is 3 + 1cb?
1d0
In base 14, what is -3dd + -5?
-404
In base 6, what is -133 - 4?
-141
In base 3, what is 222 + -12?
210
In base 5, what is 3 - -124110?
124113
In base 6, what is -3 + -501?
-504
In base 15, what is -1eb + 5?
-1e6
In base 14, what is 1 - -15b?
15c
In base 15, what is 63 - 2?
61
In base 6, what is 114554 + -5?
114545
In base 12, what is -1097 - 5?
-10a0
In base 5, what is -2214 - -44?
-2120
In base 10, what is 38 - -98?
136
In base 3, what is -110010 + 10?
-110000
In base 7, what is -2 + -1112?
-1114
In base 15, what is -5 - -183?
17d
In base 3, what is -11200 + -10?
-11210
In base 12, what is 15 + -20?
-7
In base 11, what is -81 - 2?
-83
In base 10, what is 4 - -202?
206
In base 7, what is 1 + -236?
-235
In base 3, what is -10220 - 20?
-11010
In base 8, what is 117 - -4?
123
In base 12, what is -1 - 2084?
-2085
In base 11, what is -30 - -63?
33
In base 12, what is -3 + -26?
-29
In base 11, what is 8 + 51?
59
In base 10, what is -649 + -4?
-653
In base 8, what is 0 + 4716?
4716
In base 13, what is -64 - 4?
-68
In base 5, what is -122 + -112?
-234
In base 16, what is -3c - 2?
-3e
In base 16, what is -3 - -123?
120
In base 11, what is 677 + -3?
674
In base 9, what is -10138 + -3?
-10142
In base 3, what is -2100121 + -11?
-2100202
In base 6, what is 42 - -5?
51
In base 15, what i